. Let y be i(7). Suppose y*q + 4 = 16. Calculate the highest common factor of q and 1.
1
Suppose -2*d - 2*d + 104 = 0. Let z = 17 + -4. Calculate the highest common divisor of z and d.
13
Let r(b) = b - 3. Let m be r(4). What is the greatest common divisor of m and 9?
1
Let m be (-6 - 0)/(-4 + 2). Suppose 18 + 12 = m*p. Calculate the highest common factor of p and 50.
10
Suppose -3*o - o - p = 16, -5*o = -3*p + 20. Let d be ((12*-1)/o)/3. Calculate the greatest common divisor of 8 and d.
1
Suppose 3*i - q - 10 = i, 20 = 4*i + q. Let l be (-1132)/(-20) - 3/i. What is the greatest common divisor of 8 and l?
8
Let x = 42 - 25. What is the greatest common divisor of 68 and x?
17
Let b(s) = 2*s + 12. Let d be b(10). Calculate the greatest common divisor of 4 and d.
4
Let r(n) = -n**3 + 2*n**2 + 4*n + 4. Let y be r(3). Let u = 9 - y. Calculate the highest common divisor of u and 3.
1
Suppose -2*i + 3*h + 19 = 0, i + 4*i + 3*h - 100 = 0. Let p = i - 11. Calculate the highest common factor of 24 and p.
6
Let m(z) = -z**3 + 9*z**2 - 19*z + 9. Let a be m(6). What is the greatest common divisor of a and 12?
3
Let s = 67 - 56. Calculate the greatest common factor of 77 and s.
11
Suppose 5*i = -3*d + 918 - 2559, -4*d - 1308 = 4*i. Let y be 1/(2/i)*-1. Calculate the greatest common divisor of y and 15.
15
Let u(n) = 87*n**2 - n. Let c be u(-1). Let o be (4/(-5))/((-3)/15). Suppose 0 = -r + o*r - 24. Calculate the highest common divisor of c and r.
8
Let z(y) = y**3 + 3*y**2 + y - 1. Let w be z(-2). Suppose -w - 2 = -u. Let f be (u - 2) + 2*13. What is the highest common divisor of f and 3?
3
Let r be ((-1)/(-3))/(1/123). Suppose r - 5 = 3*n - 5*d, 2*d = -5*n + 60. What is the highest common factor of 8 and n?
4
Let z = 7 + 1. Let q = 0 - -12. What is the highest common factor of z and q?
4
Let m be 3*2*2/4. Let h = 5 - m. Let c(o) = 2*o + 2. Let f be c(h). What is the highest common divisor of f and 66?
6
Suppose z = 6 - 1. Calculate the greatest common divisor of z and 5.
5
Suppose 0 = 3*v - 5*i - 0*i + 146, -3*i - 243 = 4*v. Let s = v + 211. Suppose 3*l = 5*l - s. What is the highest common divisor of l and 11?
11
Suppose 6*c + 180 = 7*c. Suppose a - 2 = 18. Calculate the greatest common factor of c and a.
20
Let x(u) = -u**2 - 16*u - 17. Let q be x(-13). What is the highest common divisor of 11 and q?
11
Suppose 48 = 21*i - 13*i. Calculate the highest common divisor of i and 6.
6
Suppose w = 2*w - 2. Let i = w + 1. Calculate the greatest common factor of i and 9.
3
Suppose 3*l + 13 = -5*j, 3*j + 6 = -l + j. Suppose 3*i + 16 = -10*g + 5*g, 5*g = 3*i - l. Let n be 0 - 10/4*g. Calculate the highest common divisor of n and 5.
5
Let r(n) = 2*n**2 + 4*n. Let x = -2 - -5. Let s be r(x). Let f be 6/(-3) - (0 - 12). Calculate the highest common factor of s and f.
10
Suppose 0 = -5*v + 37 + 18. Suppose 3*z - 5*t = -2*z - 25, 4*t = -4*z - 4. Let y = z + 102. What is the highest common factor of v and y?
11
Let v(o) = 11*o - 8. Let x be v(2). Calculate the highest common factor of 7 and x.
7
Suppose 6*c = 2*c. Suppose 4*l - 269 - 343 = c. Suppose 15*b = 16*b - 17. Calculate the greatest common factor of l and b.
17
Suppose 0 = w - 2*w - 8. Let r be w/4 + (-2 - -123). Calculate the highest common divisor of r and 17.
17
Suppose 0 = -s - 17 - 11. Suppose -5*x - 104 = -3*x. Let y = s - x. Calculate the greatest common factor of 16 and y.
8
Let c(u) = 5*u**3 - u**2 + 4*u - 3. Let k be c(3). Calculate the greatest common factor of 15 and k.
15
Let i(y) = y**2 + y + 15. Let x be i(0). What is the greatest common divisor of 60 and x?
15
Let k = -195 + 207. Calculate the highest common divisor of 156 and k.
12
Let z = 4 - 1. What is the highest common divisor of 15 and z?
3
Let d = -4 - -9. Suppose -2*j + d*r = -390, -r = 4*j - 3*r - 748. Suppose 19 = 4*o - j. What is the highest common divisor of 17 and o?
17
Suppose -p + 6 = 5*z, -2*z - z + 2*p = -14. Let v be (z + -1)*(1 - -47). What is the greatest common divisor of 6 and v?
6
Suppose 7*r - 130 = 2*r. Suppose -3*h = 3*j - 114 + 12, -5*h = 2*j - 53. What is the greatest common factor of j and r?
13
Let j be (1 + 0)/(3/1803). Let n = j - 315. What is the greatest common factor of 26 and n?
26
Let g = 22 + -15. Let a(u) = u**3 - 8*u**2 + 6*u + 8. Let d be a(g). What is the greatest common factor of 9 and d?
1
Suppose -h + 2 = -0*h. Suppose p + 0*p = h. Suppose 7*s - p*s = 770. Calculate the highest common factor of s and 14.
14
Suppose -170 = 6*b - 11*b. Calculate the highest common divisor of 2 and b.
2
Let z be 3/(-6) + 191/2. Let o = z - 256. Let r = -107 - o. What is the highest common divisor of 6 and r?
6
Let d = 23 + -13. Let f = 8 - 20. Let u = f + 17. What is the highest common divisor of u and d?
5
Suppose -3*y + 4 = -h, 22 = 41*h - 39*h + 4*y. Let t be (-2 + -2)*(-10)/8. Calculate the greatest common divisor of t and h.
5
Let b = -9 - -8. Let g be b + 35 + 0 + 2. What is the highest common divisor of g and 24?
12
Suppose 4*g = 4*n + 24, 0*g + 4*g - 12 = -2*n. Let u be (-3)/n*(-16)/(-6). Suppose 189 = u*x + 21. What is the greatest common factor of 14 and x?
14
Let h(a) = -a**2 - a + 2. Let v be h(0). Suppose 0 = 5*s - v*k - 560, 3*s - 251 = -4*k + 59. Calculate the highest common divisor of 10 and s.
10
Let c(r) = 4*r. Let p be c(1). Calculate the greatest common divisor of 36 and p.
4
Suppose 3*h = p - h - 1, 4*h = -3*p + 67. Suppose 3*g - 69 = -4*s - p, 4*g - s - 44 = 0. Calculate the greatest common divisor of g and 12.
12
Suppose 63 = 4*k - 1. What is the greatest common factor of k and 128?
16
Suppose 3 = -g, -5*o + 4*g + 10 = -42. Suppose 3*p - 32 + o = 0. Calculate the greatest common factor of p and 4.
4
Suppose 15 = 10*p - 5*p. What is the greatest common divisor of p and 4?
1
Suppose -2*t + t + 8 = 0. Let r(k) = -k**2 - 6*k + 8. Let m be r(-6). Calculate the greatest common divisor of m and t.
8
Let d = -11 - -45. What is the highest common divisor of d and 85?
17
Let y = 53 - 20. What is the greatest common divisor of y and 3?
3
Let g = 31 + -22. What is the highest common divisor of g and 6?
3
Suppose -6*h + 260 = -2*h. Let m = 105 - h. Calculate the highest common factor of 16 and m.
8
Let g = 35 + -6. Calculate the greatest common factor of 29 and g.
29
Suppose -18*u + 8 = -20*u. Let w be ((-2)/u)/(6/24). What is the greatest common divisor of w and 14?
2
Let r(y) = y**3 + 10*y**2 - 9*y - 10. Let i be r(-9). Calculate the highest common divisor of 19 and i.
19
Let g(o) = -o**2 + 6*o + 3. Let t be g(5). What is the highest common factor of 64 and t?
8
Let y be -5 - -4 - 5/1. Let c be 9/y*76/6. Let h = 30 + c. Calculate the greatest common factor of h and 1.
1
Let j = 34 + 2. Calculate the highest common factor of j and 54.
18
Let c(m) = m**2 - 2. Let r be c(-2). Suppose -23 = -s + j, 0 = -s - j + 11 + r. Calculate the highest common divisor of s and 6.
6
Let q be (3/(-4))/((-1)/(-4)). Let p(j) = -2*j. Let r be p(q). Let v = -14 + 38. What is the greatest common factor of v and r?
6
Let r(c) = -c**3 + 3*c**2 + 2*c. Let k be r(2). What is the greatest common factor of 1 and k?
1
Suppose -y - z = -6 + 126, -5*y + 3*z = 632. Let p = -75 - y. Calculate the greatest common factor of 7 and p.
7
Let a = -1870 - -814. Let h be (10/6)/((-11)/a). Calculate the highest common divisor of 20 and h.
20
Let n = -15 - -15. Suppose n*l - l = -12. What is the highest common factor of l and 60?
12
Let g(s) = 103*s + 3. Let l be g(2). What is the highest common factor of 19 and l?
19
Let t be (0 - 36)*(3 + -2). Let u = 61 + t. Calculate the greatest common factor of 5 and u.
5
Suppose -11*m - 20 = -15*m. What is the highest common factor of m and 65?
5
Let o = 27 - 7. Calculate the highest common factor of o and 20.
20
Suppose -2*z + 0*w + 72 = -3*w, 4*z + 4*w - 144 = 0. Let k = z - 26. Suppose 3*u + 1 = 151. What is the highest common divisor of k and u?
10
Let o = -22 - -41. Calculate the highest common factor of 209 and o.
19
Suppose 3*l - 4*l = 5. Let f be (-13)/(1/(l - -4)). Let z(g) = g + 143. Let r be z(0). What is the highest common divisor of r and f?
13
Let k = -14 + 23. Suppose -j = 2*t + 56, 3*j - 44 + 122 = -3*t. Let u = 57 + t. Calculate the highest common divisor of u and k.
9
Let d = -10 + 13. Calcu